(c) = 143*c**2 + 8*c + 8 - 3 - 147*c**2. Let x be (-55)/(-30) - (-4)/24. Let f(g) = x*m(g) + 3*z(g). What is f(6)?
4
Let v(z) = z**3 + 10*z**2 - 13*z - 23. Let i = 7015 + -7026. What is v(i)?
-1
Let g(x) be the second derivative of 4/3*x**3 + 1/12*x**4 + 255*x + 2*x**2 + 0. Determine g(-5).
-11
Let i(r) = 9*r**2 - r + 1. Let z be (-2)/2*60/(-3). Suppose 30 = 10*m + z. Give i(m).
9
Let g(k) = -13*k**3 + k + 2. Suppose -6*z = -z + 4*y - 7, -19 = 4*z - 5*y. Give g(z).
14
Let j(r) = -4*r**2 + 64*r + 47. Let t(n) = -9*n**2 + 128*n + 83. Let k(x) = 5*j(x) - 2*t(x). Give k(33).
3
Let r(b) be the third derivative of -1/120*b**6 + 2*b**2 - 2/3*b**3 - 7/24*b**4 + 0*b + 5 - 3/20*b**5. Calculate r(-8).
-12
Let t be 3*((-24)/18)/(-1). Suppose w + 15 = -t*w - 5*a, -w - 1 = 3*a. Let m(o) = o**2 + 7*o + 6. Calculate m(w).
-6
Suppose -434 = -268*o - 675 - 563. Let r(u) = 2*u**2 + 6*u + 10. What is r(o)?
10
Let p(n) = 7*n + 72. Suppose -7*u + 167251 = 167363. Determine p(u).
-40
Let a = 3387 + -3368. Let y(v) = -v**3 + 17*v**2 + 36*v + 44. Calculate y(a).
6
Let z(n) = 13*n + 7. Suppose -14*i + 14 = -0*i. Let y(o) = -4*o + 1. Let v(k) = i*z(k) + 3*y(k). What is v(-3)?
7
Let y(a) = -13*a + 17. Let d(r) = -9*r**3 + 3*r**2 + 11*r + 6. Let u be d(-1). Calculate y(u).
-74
Let r(m) be the second derivative of m**5/20 - 7*m**4/12 + 7*m**3/6 + 3*m**2 + 1446*m. Give r(6).
12
Let h(x) = 14384 - 841*x**2 + 837*x**2 - 14386. Let b(v) = -v**3 + 2*v**2 - v + 1. Let u be b(2). Determine h(u).
-6
Let t(b) = 57*b - 8. Let d(u) = -200*u + 22. Let o(n) = -2*d(n) - 7*t(n). Let l(f) = f**3 - 5*f**2 - 2*f + 10. Let m be l(5). Calculate o(m).
12
Let p be (-3)/(-2) + 3316/8 + 5. Suppose p - 431 = -2*i. Let z(g) = g**3 - 4*g**2 - 4*g - 4. Give z(i).
1
Let u(s) = -s**2 + 4. Let m be u(7). Let n = m - -41. Let b(x) be the third derivative of -x**5/60 - x**4/12 + 5*x**3/6 - 148*x**2. What is b(n)?
-3
Let v(r) = r**2 + 18*r + 58. Suppose -3*q + 2*c = 48, q + 276*c + 2 = 272*c. Give v(q).
2
Let q(d) = d**3 + 14*d**2 + 15*d - 15. Let s = 1829 + -1842. Give q(s).
-41
Let i = -23 - -26. Suppose -2*z = -i*z + 7*z. Suppose -5*y - 12 - 8 = z, -j + 16 = -4*y. Let v(l) = -l - 18. Determine v(j).
-18
Let c = -11 + 4. Let x(v) be the third derivative of v**5/60 + v**4/3 + 2*v**3/3 - 1128*v**2. Give x(c).
-3
Let r(i) be the second derivative of 23*i**3/3 - 9*i**2/2 - 12*i + 1. Let x(w) = -18*w + 4. Let l(m) = 2*r(m) + 5*x(m). Calculate l(4).
10
Let u(c) be the third derivative of c**6/90 + c**5/120 + 125*c**4/24 + 26*c**2 - 1. Let x(s) be the second derivative of u(s). What is x(2)?
17
Let a(o) = -o**2 - 14*o. Let t(y) = 9*y**2 + 2*y + 77. Let i be t(0). Suppose -21 - i = 7*j. What is a(j)?
0
Let g(o) = 11*o - 28*o + 13*o + 5*o + 2. Let v be g(-8). Let w(a) = -a - 1 + 2*a - 5. What is w(v)?
-12
Let c = 157 - 129. Let x be (-38)/(-14) + 8/c. Let s(l) = l - 4. Calculate s(x).
-1
Let p(x) = 98*x - 87. Let y(a) = 349*a - 263. Let z(l) = -7*p(l) + 2*y(l). Give z(-7).
-1
Let u(w) = w**3 - 3*w**2 + w - 3. Let x(d) = -5*d + 196. Let c be x(35). Suppose c + 23 = 11*y. Calculate u(y).
17
Let y = 23 + -18. Let j = y - 11. Let g(v) = 58*v**2 + 33*v - 22. Let p(d) = -13*d**2 - 8*d + 5. Let q(b) = -2*g(b) - 9*p(b). What is q(j)?
-1
Suppose -4*v - 14*v = -216. Let b = v - 8. Let o(w) = -7*w + 3. What is o(b)?
-25
Let i(g) = 508 - 979 + 7*g + 489 - g**2. Give i(-2).
0
Let h(z) = -7*z + 20. Let i = 814 + -811. Suppose 0 = 4*t + 2*d - 20, -d + i = 1. Determine h(t).
-8
Let j = -2 - -3. Let r(k) be the third derivative of 38*k**2 + 1/60*k**5 + 0 - 1/12*k**4 + 0*k + 1/6*k**3. What is r(j)?
0
Let p be (-57)/(-3) - (-95)/(-19). Let f(h) = 39*h - 8*h - 3 + h**2 - p*h - 14*h. Give f(-5).
7
Suppose -22*h - 30 = -32*h. Let t(o) = 5*o**2 - 9 - 5*o + h - 4*o**2 + o + 0*o. Calculate t(7).
15
Let b(n) = -16*n + 118. Let f(t) = -t**2 + 16*t - 51. Let a be f(10). Calculate b(a).
-26
Suppose 4*s + 6*n - 9*n - 2093 = 0, 3*n = -4*s + 2075. Let o = s + -520. Let k(z) = 5*z + 2. Calculate k(o).
7
Let s(i) be the second derivative of i**4/12 - 9*i**3/2 + 77*i**2/2 - 157*i - 6. Calculate s(22).
-33
Let k(n) be the second derivative of -n**5/20 + 7*n**4/12 - 5*n**3/6 + 3*n**2 - 2*n. Let f = -197274 + 197280. Give k(f).
12
Let m(j) = 2*j**3 + 5*j**2 - j - 5. Let a(p) = -p**3 - p**2 - p + 3. Let o(s) = a(s) + m(s). Let w(c) = c - 2. Let z be w(-2). Give o(z).
6
Let z(b) = b**3 + 10*b**2 - b - 1. Let t = -2432 + 2422. Calculate z(t).
9
Let i(p) = 207*p - 78. Let u(c) = -95*c + 37. Let t(f) = 4*i(f) + 9*u(f). Determine t(-4).
129
Suppose 7*i - 15 + 22 = 0. Let o(u) = -2*u**3 - u**2 - 2*u - 1. Let z be o(i). Let x(p) = -40*p**2 + z*p - p + 41*p**2 - 2. Calculate x(0).
-2
Let s be 88/(-308) + 10/(-28)*-40. Let y(a) = 3*a + 3*a**3 - 13 - 4*a**3 - s*a**2 + 8*a**2 + 5*a**3 - 3*a**3. What is y(6)?
5
Let t(m) = -3*m**2 - 29*m - 38. Let n(k) = 4*k**2 + 33*k + 36. Let d(v) = 2*n(v) + 3*t(v). Determine d(-19).
-4
Suppose 25 = 2*m + 19. Let w(g) = -7*g - m*g**2 - g**3 - 2 + 5*g + 1. Let c(s) = s**3 + 10*s**2 + 14*s - 20. Let u be c(-8). What is w(u)?
23
Suppose -3*z - 8 = -20. Suppose -10 = z*h + 6. Let b be ((-2)/1)/(2*h/24). Let g(s) = -s**2 + 8*s - 8. What is g(b)?
4
Suppose 0 = -23*l - 3*l + 260. Let v be (((-210)/(-50))/(-7))/(2/l). Let z(c) = -2*c - 1. Give z(v).
5
Suppose 5*q + 32 = 3*w, -20*w = 3*q - 24*w + 17. Let p(y) = y**3 + 2*y**2 - 37*y - 13. Calculate p(q).
1
Let a(i) = -2 + 0*i**3 - i**3 - 77*i + 3 + 4*i**2 + 83*i. Let q = 21 + -1. Let o = -15 + q. Determine a(o).
6
Let m = -12 + 100. Let j(s) = -s - 90 - m + 170. Determine j(-9).
1
Let i(c) = 2*c**3 - c**2 - c + 12. Suppose -7062*p = -7050*p. What is i(p)?
12
Let f(s) = -3 - 3 + 9*s**2 + 1 + 10*s + s**3 - 1 - 3. Let q be f(-2). Let h(u) = -16*u**2 - 2*u - 1. Determine h(q).
-15
Suppose -8*o + 104 + 504 = 0. Let m(s) = 4*s + 12 - o + 68. Give m(-3).
-8
Let q(b) = -6*b + 39. Let d be q(6). Let m(u) = 6 - 5*u + 6*u + u - u. Let y(a) = -a**2 - 2*a - 19. Let j(x) = -7*m(x) - 2*y(x). What is j(d)?
5
Let r(h) = -h**2 + h - 18. Let n be (-2 + 4)*(-65)/(-2) + -3. Let p = n - 55. Suppose -j = -p + 7. Give r(j).
-18
Let z = -61 + 68. Suppose j + 2 = -n - 0*n, z = -2*j - 5*n. Let g(b) = b - 1 - 3*b - 3*b + 2*b**3 + 3*b. Calculate g(j).
-1
Let o(j) = j - 16 + 29 + 6*j - 5. What is o(4)?
36
Let i(q) = -q**3 - 9*q**2 - 16. Let u be (12 - 1302/98)*7. Determine i(u).
-16
Let b(c) = c + 3. Suppose -129*n = -27*n + 1122. What is b(n)?
-8
Let v(g) = 8*g - 3*g**3 - 15*g**2 + 0*g + 16*g + g - 8. Let a(u) = -u**3 - 8*u**2 + 12*u - 4. Let t(b) = 5*a(b) - 2*v(b). Determine t(9).
5
Suppose 12*p + 103 = 151. Let a(h) = -11*h**2 + h**3 + 5*h - 3 + 14*h**2 - 8*h**2. Give a(p).
1
Let o(j) = -3*j + 25. Let q = 36 + 440. Let p = q - 466. Give o(p).
-5
Let x(s) = -s**3 + 15*s**2 - 5*s + 16. Suppose -44 + 495 + 209 = 44*n. What is x(n)?
-59
Let o(l) be the second derivative of -l**5/120 + 73*l**3/6 - 154*l. Let s(w) be the second derivative of o(w). What is s(0)?
0
Let k = -110 + 112. Let l(y) = 10 + k - 12 + y. Give l(0).
0
Let s(g) be the first derivative of g**4/4 + 2*g**3/3 - g**2/2 - 15. Let f be s(1). Let a(r) = 0*r - 6*r**f - r + r**2. Give a(-1).
-4
Let d(h) = -6*h**3 + 1. Let f be d(-1). Let y(k) be the first derivative of k**3/3 - 9*k**2/2 + 5*k + 66668. Calculate y(f).
-9
Let c(w) be the first derivative of -1/3*w**3 - 24 + 0*w**2 + 6*w. Suppose 0 = -2*j + 2*z + 6, 4*z = 5*j - 0*z - 12. What is c(j)?
6
Let b(o) = -o - 23. Let z = 61 - 86. Let y be b(z). Let i(c) = 2*c**2 - 11 + 4*c**2 + 10 - 3*c**y + 2*c**3. Determine i(-2).
-5
Let s(l) = -713*l + 713*l + 3*l**2 - 3*l**2 + 13 - 9*l**2. Let n(o) = -7*o**2 + 12. Let t(k) = -4*n(k) + 3*s(k). Let a be (-2)/(-6) + 1/(-3). Calculate t(a).
-9
Let j(g) = -31*g - 30 - 21*g - 22*g - 29*g + g**2 + 86*g. What is j(18)?
-12
Let f(t) be the first derivative of -t**4/4 - 8*t**3/3 + 5*t**2 + 2*t - 572. Let v = -11 - -2. Give f(v).
-7
Let n(f) = -f**2 - 4*f + 3. Let y(o) = -3*o**2 - 8*o + 8. Let l(t) = 7*n(t) - 3*y(t). Let p = -31 - -29. What is l(p)?
13
Suppose -378 = 50*u - 8*u. Let w be -1 + (49/(-7) - u). Let c(j) = -9*j + 3. Determine c(w).
-6
Let i(m) = 5*m - 22. Let f be (4 + 0)*35/(-100)*-5. Determine i(f).
13
Let v = 78 + -25. Let u = 46 - v. Let f = 12 + u. Let s(